n (480/(-12))/(-10) + (-270)/(-2) is divided by 4/((-4)/(-39)) - 3.
31
Let t(g) = -15*g + 46. Let a be t(0). Suppose -5*j + 102 = -103. Let d = a - j. Calculate the remainder when 12 is divided by d.
2
Let w be 4 + 6 + -3 - 5. Suppose 6*y - 5*y = -4*i + 69, 4*i = -w*y + 70. What is the remainder when 28 is divided by i?
11
Suppose -22*t = -18*t - 628 - 564. What is the remainder when 895 is divided by t?
1
Let v(g) = g**3 - 57*g**2 + 108*g + 271. What is the remainder when 468 is divided by v(55)?
146
Let z = 13391 + -12806. What is the remainder when z is divided by 193?
6
Let x = 1642 + -77. Let o = x - 1533. Let f(p) = 2*p**2 - 4*p - 9. What is the remainder when f(-6) is divided by o?
23
What is the remainder when ((-104)/(-6))/1*9 is divided by (-3*8/(-9))/((4123/(-372))/(-133))?
28
Suppose j = 2*j - 5. Suppose 7 = o - 13. What is the remainder when (-192)/(-144) + -1 + o/3 is divided by j?
2
Let w(u) = u + 21. Let n(m) = -3*m - 62. Let h(z) = 2*n(z) + 7*w(z). Calculate the remainder when 191 is divided by h(-15).
7
Let f(c) = c**2 - 51*c - 569. Let z = -15 - -24. What is the remainder when f(-11) is divided by z?
5
Suppose -5*a - 5*b = -75, -63*a + 24 = -60*a + 6*b. What is the remainder when a is divided by 8 + -1 + -2 + 1?
4
Suppose -9*a - 8544 = -86*a - 19*a. Calculate the remainder when 865 is divided by a.
64
Suppose 3 = i - 7. Let o(n) = n**2 - 9*n - 16. Let f be o(i). Let a(b) = -7*b - 21. Calculate the remainder when a(f) is divided by 4.
1
Suppose -40*c = 33*c - 13*c - 3840. Calculate the remainder when 317 is divided by c.
61
What is the remainder when 2495 is divided by ((-195)/6)/((-35)/14)?
12
Let v(z) = -3480*z**3 + 4*z**2 + 26*z + 23. Calculate the remainder when v(-1) is divided by 129.
127
Let c(w) = w - 1. Let b be c(-7). Let u(q) = 5*q + 667 + 0*q - 668 - 7*q**2 - q**3. What is the remainder when u(b) is divided by 7?
2
Let r(d) be the second derivative of 11*d**4/4 - 2*d**3/3 + 2*d**2 + 26*d. Calculate the remainder when r(1) is divided by 9.
6
Suppose 14*f - 12*f = 1408. Let m = f + -340. Suppose 0 = 4*k + 5*h - h - m, 4*k - 400 = 5*h. What is the remainder when k is divided by 25?
20
Suppose -4*v = b + v - 2, -v + 1 = 0. Calculate the remainder when 13 is divided by (-2 + -5)/(b + (-14)/(-7)).
6
Suppose 0 = 1704*u - 1724*u + 2620. Calculate the remainder when 234 is divided by u.
103
What is the remainder when 29/((-435)/270)*(-37 + -1) is divided by 258?
168
Suppose 41*t - 1614 = 395. Calculate the remainder when 3036 is divided by t.
47
What is the remainder when 101 is divided by ((-34)/(-8) + 2)*424/265?
1
Let x(f) = -3*f**3 + 7*f**2 + 6*f - 113. Calculate the remainder when x(-5) is divided by 136.
135
Let r = -51 - -91. Let t be (-3)/2*32/(-12). Suppose -2*u + t*g + 22 = -0*u, u - g - 13 = 0. Calculate the remainder when r is divided by u.
10
Suppose -3*f - 304 = -4*y, -5*y + 4*f + 328 = -53. What is the remainder when 3573 is divided by y?
69
Suppose 4*a + 58 = 82. Let m(r) = -r**3 - r**2 - r + 2. Let o = 23 + -26. Calculate the remainder when m(o) is divided by a.
5
Let g(o) = -6*o + 40. Let r(t) = 4*t**2 + 38*t + 225. What is the remainder when r(-10) is divided by g(-7)?
81
Suppose -5*a + 9*w = 4*w - 170, -a - 3*w + 18 = 0. Let t = 396 + -889. Let y = t - -580. Calculate the remainder when y is divided by a.
27
Let m(h) = -h + 4. Let d(k) = k**2 + 12*k + 26. Suppose -53*l = -60*l - 49. Let x be d(l). What is the remainder when 90 is divided by m(x)?
12
Suppose -d + 1217 = -2*x - 334, 3057 = 2*d + 5*x. Suppose 8*c = 31*c - d. What is the remainder when c is divided by 9?
4
Let k = 334 - 311. Suppose u + 7 = -2*n, 8 = -5*u + 4*u - n. Let g(p) = -p**2 - 11*p - 6. What is the remainder when k is divided by g(u)?
11
Calculate the remainder when (-150 - -228) + (3 - -4) is divided by -2 - 0 - 15*-3.
42
Let k = 78 + -36. Let i(o) = -4*o**3 + 10*o**2 - 17*o - 58. Let u(d) = -d**3 - 2. Let g(y) = i(y) - 5*u(y). What is the remainder when g(-10) is divided by k?
38
Let t(p) = 3*p**2 + 29*p + 888. Calculate the remainder when t(-30) is divided by 7.
2
Suppose -5*o + 1 = -i - 0*o, 19 = -4*i + 5*o. Let q = i - -25. Suppose -14*c - 195 = -q*c. Calculate the remainder when c is divided by 10.
9
Suppose 31*v = 15*v + 9792. Calculate the remainder when v is divided by 123.
120
Suppose 0 = -11*r + 5*r - 24. What is the remainder when 151 is divided by 20/(-16)*-11 - 1/r?
11
Let f(i) = -4*i - 3. Let h be f(-5). Let v(z) = 2*z**2 - 10*z - 9. Let l be v(6). Calculate the remainder when (l*h)/(9/18) is divided by 15.
12
What is the remainder when 336 is divided by (-4 + 290/(-30))/((-3)/9)?
8
Let i = -110 + 118. Suppose -i = 15*p - 16*p. Calculate the remainder when 31 is divided by p.
7
Let z be 210/(25/5) - 2/(-2). Suppose 10*u - 7*u - z = -5*r, u = -3*r + 13. Calculate the remainder when 238 is divided by u.
14
Suppose 3*o = -4*r + 29, -r + 6*o - 2*o + 31 = 0. Let i be (-1)/3 - 25/(-3). What is the remainder when r is divided by 14 - ((-6)/9)/(i/(-36))?
0
Let t = -1835 + 1969. Calculate the remainder when t is divided by 74.
60
Let a(k) = 2*k - 6. Let m be a(5). Suppose 2*h = 2*x + 22, -2*h + x - m = -30. Calculate the remainder when 161 is divided by h.
11
Suppose 3*t + 2*t + k + 55 = 0, 0 = 2*k. Calculate the remainder when (253/22 - t)/(6/40) is divided by 49.
3
Suppose 3*a + 5*c = 343, 395 = 4*a + c - 85. Suppose -128 = 7*d - 9*d. What is the remainder when a is divided by d?
57
Let o be ((-57)/38)/((-1)/2). Calculate the remainder when 38 is divided by o*7/(-21)*-10.
8
Let t be (8 - 3) + (1 - 18). What is the remainder when 105 is divided by (0 - t/(-15))/(2/(-70))?
21
Suppose 0*d - 4*d - 20 = 0, -4*o + 4*d = -96. Suppose -a + 6*m + 32 = m, -5*m = 2*a - o. Calculate the remainder when 133 is divided by a.
14
Suppose -4*x = -5*p + 435, -472 + 124 = -4*p - 5*x. Let y = 298 + -166. Suppose 27*j - y = 21*j. What is the remainder when p is divided by j?
21
Let w = 17 - -93. Suppose 2*i - 13*i = -w. What is the remainder when 229 is divided by i?
9
Suppose -434*u = -437*u - 3. Let v(o) = 4*o + 14. Calculate the remainder when 32 is divided by v(u).
2
Let b(n) = -3*n**3 - 3*n**2 + 10*n - 9. Suppose 5*h + 21*d = 26*d - 45, d + 16 = -4*h. Calculate the remainder when b(h) is divided by 61.
58
Let u(y) = -7*y**2 - 310*y + 25. Calculate the remainder when u(-39) is divided by 245.
243
Let z = -7880 - -7979. Calculate the remainder when 612 is divided by z.
18
Let c(o) = -o**2 - 110*o + 1641. What is the remainder when 796 is divided by c(13)?
40
Let n(b) = 297*b + 921. What is the remainder when 344 is divided by n(-3)?
14
Suppose 2*h + 3*u = 24, 0 = 60*h - 61*h - 5*u + 19. Let p = -1 - -2. Calculate the remainder when (-30)/(-18)*(8 + p) is divided by h.
6
Let o(v) = 3*v**3 - 7*v**2 - 14*v + 5. Let d = -38 + 56. Let k = d + -15. Calculate the remainder when o(4) is divided by k.
2
Suppose 0 = 5*i + 67*o - 63*o + 1342, -4*i + 2*o = 1084. Let q = i - -311. What is the remainder when 78 is divided by q?
37
Suppose 5*b - 17 = -3*p, 2*b = 2*p - 1 - 5. Suppose 156 = -p*h - 7*j + 3*j, 5*h + 3*j = -203. Let q = h - -50. What is the remainder when 88 is divided by q?
4
Let q(o) = 3*o + 119. Let d(v) = 2*v + 118. Let y(k) = 4*d(k) - 3*q(k). Calculate the remainder when y(33) is divided by 17.
14
Suppose 7*t + 14*t = 1512. Let k(n) = 4*n**2 - 30*n - 22. What is the remainder when k(10) is divided by t?
6
Let w be 0 + (-6)/(-8) - (-1309)/(-28). Let j = 59 + w. Calculate the remainder when 244 is divided by j.
10
Let t = 48 + -16. Suppose o = -8 + t. What is the remainder when 334 is divided by o?
22
Suppose 4*a + 4*u - 420 = 0, 3*a - 4*a + 3*u = -117. Let r = 83 + -14. Suppose -r = -v + a. Calculate the remainder when v is divided by 30.
27
Suppose 65*x - 67*x + 9*a + 15 = 0, 105 = 2*x + a. What is the remainder when 1888/10 - (-3)/15 is divided by x?
45
Let g = -7800 - -8257. Calculate the remainder when g is divided by 95.
77
Suppose 151*h - 157*h = -24. Suppose 0 = -h*d + 19*d - 165. What is the remainder when 59 is divided by d?
4
Let i(f) = -f**3 + 8*f**2 - 6*f - 5. Let p be (-1 - -15)/((1 + 13)/7). Let m be i(p). Suppose m*t - 245 = -3*t. Calculate the remainder when t is divided by 17.
15
Let c(u) = u**2 + 7*u - 1. Let m be c(-8)